e highest common divisor of t and 63.
9
Suppose q + 3*g + 5 = 0, 2*q + 3*g - 10 = 2*g. Let z = 1 + -1. Suppose 3*n + 0*n - 21 = z. What is the greatest common divisor of q and n?
7
Suppose -l = 5*u + l - 15, 0 = 3*u + 5*l - 9. Let k(h) = -u + 18*h - 12*h + 14*h. Let b be k(6). Calculate the greatest common divisor of 13 and b.
13
Let h be (-8 + 3)*8/10. Let t(p) = -p - 4. Let d be t(h). Suppose -24 = -2*n - 2*g, d*n + 4*n + 3*g = 49. Calculate the highest common divisor of n and 13.
13
Let f = 9 - 4. Let i be 0 + 2/(4/90). Calculate the greatest common divisor of f and i.
5
Suppose l + 4*h = 6*l - 320, 4*l + 2*h - 256 = 0. Suppose 0*w - l = -3*q + w, -5*q + 5*w = -120. What is the highest common factor of 5 and q?
5
Suppose 0 = -2*o - 3*o + 270. Suppose -4*w = -2*w - o. Suppose -2*g + g = -18. What is the highest common factor of w and g?
9
Let s be ((-378)/15 + 0/(-3))*-5. Calculate the greatest common divisor of 14 and s.
14
Suppose 2*z = -2*k + 262, -z + 109 + 28 = -2*k. What is the greatest common divisor of 19 and z?
19
Let l(d) = -2*d - 6. Let q be l(-21). Let n = -4 - -8. Calculate the greatest common factor of q and n.
4
Suppose 0*d - 224 = -4*d. Let y be 3/(-2 + 5)*25. Suppose 20 = 2*p - 3*b - 0*b, -5*b = 5*p - y. Calculate the highest common divisor of d and p.
7
Suppose o - 86 = -n, 2*n - 178 = -o + 2*o. Calculate the highest common divisor of 8 and n.
8
Let q be (-1 + 2)*0/(-5). Let w = 12 + q. What is the highest common factor of w and 4?
4
Let w(h) = 2*h**2 - 3*h + 4. Let k be w(-5). Let b = -48 + k. What is the greatest common factor of b and 7?
7
Let o = -2 - 0. Let y be (-10)/(((-2)/(-1))/o). Suppose 0 = -0*s - 5*s + 250. What is the greatest common divisor of y and s?
10
Let y(q) = q**2 + 10*q + 22. Let f be y(-7). What is the highest common factor of f and 4?
1
Let m be (-9)/(-7) + (-4)/14. Suppose -11 = 5*i - m, 5*i = a - 20. Suppose 2*b + 0*b - 140 = 0. Calculate the highest common divisor of b and a.
10
Let u be 440/14 - 4/(-7). Calculate the highest common factor of 80 and u.
16
Let k be 12/(-8)*(-8)/3. Let l(y) = -y + 3. Let c be l(k). Let f be (-1*14/2)/c. What is the greatest common divisor of f and 49?
7
Let b be (-159)/(-9) - 2/(-6). Let h = -275 - -277. What is the greatest common divisor of b and h?
2
Let t(u) = u**3 - 4*u**2 - 16*u - 5. Let r be t(7). Calculate the highest common divisor of r and 75.
15
Let v(a) = -a**2 + 8*a - 3. Let c be v(5). What is the greatest common factor of 12 and c?
12
Suppose -9*m = -95 - 103. Calculate the greatest common divisor of m and 22.
22
Let f be ((-5 - 3)/(-8))/((-2)/(-84)). Calculate the highest common divisor of 168 and f.
42
Suppose 2*a = 4*w + 60, 32 = 2*a - 3*w - 29. Calculate the highest common factor of 96 and a.
32
Suppose 6*x = x + 325. Calculate the highest common divisor of x and 13.
13
Suppose -5*d = -4*d - 18. Suppose 4*m = m + d. Calculate the highest common factor of m and 4.
2
Suppose -227 - 13 = -2*t. What is the greatest common divisor of t and 24?
24
Let r(u) = u + 7. Let y be r(-9). Let a be (4/(y*1))/(-2). What is the highest common factor of a and 9?
1
Let r = -89 - -159. Suppose 4*q - r = -2. What is the highest common divisor of 51 and q?
17
Suppose -213 - 21 = -6*h. Calculate the highest common factor of 429 and h.
39
Let y(r) = 5*r**2 + 4*r + 3. Let m be y(-2). Let v(h) = -h**2 + 16*h - 10. Let c be v(11). Calculate the greatest common divisor of m and c.
15
Let b(y) = -7*y + y + 3*y**2 - y**2. Let p be b(-8). What is the greatest common divisor of 16 and p?
16
Let o = 14 + -9. Suppose o*a + 4*d + 0*d - 102 = 0, -4*a = -5*d - 57. Let v(n) = n**2 + n. Let x be v(-4). Calculate the highest common divisor of x and a.
6
Let r = 92 + -66. Suppose -2*f + 8*g - 3*g + r = 0, -3*f + 2*g + 50 = 0. Let y be 3 + (2 - 1 - 1). Calculate the highest common divisor of f and y.
3
Suppose s - 6*s - 20 = 0. Let v = s - -7. What is the greatest common factor of 24 and v?
3
Let y(r) = 37*r**2 - r. Suppose -4 = -3*h - 1. Let w be y(h). What is the greatest common divisor of 9 and w?
9
Suppose q = 4*w - 111, 2*q - 136 = -4*w - 10. What is the greatest common factor of 232 and w?
29
Let z = 29 - 12. Let f = 124 - 51. Let m = -39 + f. What is the highest common factor of m and z?
17
Let p(n) = -4*n - 65. Let v be p(-35). What is the highest common factor of 30 and v?
15
Let s = 4 - -28. Suppose 5*t - 55 = -5*p, 100 = 5*t - 4*p - 0*p. Calculate the greatest common factor of t and s.
16
Let c = 292 + -202. Calculate the greatest common factor of c and 15.
15
Let j = 49 - -65. Calculate the highest common factor of j and 38.
38
Suppose 0 = -2*i - 2*i + 144. Calculate the highest common factor of 9 and i.
9
Let i = 54 + -24. Let b be (-61)/(-5) + (-2)/10. What is the greatest common divisor of i and b?
6
Let j(c) = 11*c**2 - 3*c - 3. Let o be j(-3). Let p = 14 + 1. What is the greatest common divisor of p and o?
15
Suppose 15 = -5*n, -4*n - 41 - 11 = -5*j. Let l(r) = 18*r**2 - r + 2. Let y be l(2). What is the highest common divisor of y and j?
8
Let w = -25 - -27. Suppose v - 6 - 16 = 2*x, -4 = -w*v - 4*x. What is the highest common factor of 48 and v?
12
Let w be 5*-1*(-24)/40. Suppose i - 704 = -w*i. What is the highest common divisor of 16 and i?
16
Let n be (-106)/(-22) + 1 + (-2)/(-11). Let j be (-382)/(-8) + (-2)/(-8). What is the highest common factor of n and j?
6
Let f(c) = c**2 - 6*c - 34. Let w be f(11). What is the greatest common factor of w and 35?
7
Let t(f) = -f**3 + 10*f**2 + f + 4. Suppose 35 = 3*j + d, j + 5 = 4*j - 5*d. Let u be t(j). What is the greatest common divisor of 35 and u?
7
Let d(u) = -u**3 + 8*u**2 - 7*u - 6. Let c be d(7). Let p = -4 - c. What is the greatest common factor of 2 and p?
2
Let j(r) = 0 + 1 - 3 - 8*r. Let a be j(-5). What is the greatest common divisor of a and 19?
19
Let v = -12 - -18. Let k(o) = -17*o + 1. Let h be k(-1). What is the greatest common divisor of h and v?
6
Let j = 23 + -9. Let d(x) = 304*x - 1. Let u be d(1). Let g = u + -149. What is the greatest common factor of j and g?
14
Suppose 0*x - 99 = -x. Calculate the greatest common divisor of x and 11.
11
Suppose -5*l = -24 - 96. Calculate the highest common divisor of 3 and l.
3
Suppose -30 = -l - 2*l - 3*s, -2*l - 3*s = -15. What is the greatest common divisor of 10 and l?
5
Suppose -3*q = -4*b - 0*b + 9, 5*b - 3*q = 12. Suppose 20 + 7 = b*u. What is the highest common divisor of u and 99?
9
Suppose -5*p + 137 = 4*v - 479, -380 = -3*p - 5*v. What is the greatest common factor of p and 12?
12
Let v(b) = b + 8. Let l be v(-5). Suppose l*s = -a + 68, -s + 30 - 2 = 3*a. What is the greatest common factor of s and 110?
22
Let m(v) = -v**3 - v**2. Let p be m(-1). Suppose p = -3*c + c + 18. What is the highest common factor of 1 and c?
1
Let j(p) = p**3 + p**2 - p + 42. Let r be j(0). Let y = 17 + -11. Calculate the greatest common factor of r and y.
6
Suppose 4*o - 3*h = 113, -3*h - 78 + 17 = -2*o. What is the greatest common factor of 104 and o?
26
Let h(a) = a**3 - 10*a**2 + 10*a - 1. Let q be h(9). Let m be 9/36 - 14/(-8). Calculate the greatest common divisor of m and q.
2
Let g be 6/9*(-3)/2. Let a be -5*(3 + -1 + g). Let i = a + 10. Calculate the greatest common divisor of i and 55.
5
Suppose 3*w + 176 = 6*w + d, 2*w + 5*d = 139. Calculate the greatest common divisor of 3 and w.
3
Let i = -112 - -122. Calculate the greatest common divisor of 25 and i.
5
Suppose -3*y = y - 224. What is the highest common divisor of y and 7?
7
Let h be (2/(-3))/(2/(-9)). Suppose -4*y + 16 = -8*y. Let q be 14/h - y/12. What is the highest common factor of 55 and q?
5
Suppose 2*s = -3*i - 6, -2*s + 6*i = 3*i - 18. Suppose s*w = w + 10. Calculate the highest common divisor of w and 35.
5
Let x(l) = 3*l - 2. Let m be x(2). Suppose -7 = -m*d + 9. What is the greatest common factor of d and 6?
2
Let r = 46 + 50. Let k(x) = -4*x - 12. Let i be k(-6). What is the highest common divisor of r and i?
12
Suppose 5*z = 4*j + 22 - 2, z = 5*j + 4. Suppose -5*a + 0*a + 20 = j. Let v be 32/3 + (-2)/3. Calculate the greatest common factor of v and a.
2
Suppose 26*s - 3234 = 5*s. Calculate the greatest common divisor of s and 14.
14
Let k be (-182)/8 - 6/24. Let o = -12 - k. Let x = 44 - -11. What is